2
Let y(l) = -133*l + 723. Let g be y(6). Suppose -390 = -0*u + 5*u. Let s = g - u. Calculate the greatest common divisor of 3 and s.
3
Let i be (15*7)/((-28)/8*60/(-210)). Calculate the highest common factor of i and 931.
7
Let z be 12/18 + 912/9. Suppose 3*v - 3*q = v + 22, -5*v + 5*q = -45. Let t be ((-102)/v)/(27/(-90)). Calculate the highest common factor of z and t.
34
Suppose 3*r - 14 = -4*j, 2*j + 5*r = -j + 16. Suppose -10*z + 264 = -j*z. Let m be (66/8)/(6/264). What is the greatest common divisor of z and m?
33
Let l = -555 + 550. Let x be 4/(l/(-15)*1). Calculate the greatest common factor of x and 32.
4
Let f be ((-2)/(-6))/(2*(-9)/(-108)). Suppose 188 = 4*h + f*t, 47 = h + 4*t - 7*t. Calculate the greatest common divisor of h and 1.
1
Let y = -9325 + 10125. What is the greatest common factor of y and 360?
40
Let w(o) = o**3 + 16*o**2 - o - 9. Let l be w(-16). What is the greatest common divisor of 3493 and l?
7
Let w be 5*(-20 - 2394/(-90)). Calculate the highest common divisor of 4323 and w.
33
Suppose -14*s = -21*s + 63252. Let i be (s/(-3))/(-3) - (1 - 5). Suppose i = 3*q + 11*q. What is the highest common divisor of q and 8?
8
Let h(s) = -s**3 - 45*s**2 + 39*s - 320. Let l be h(-46). Let z be 2 + l - -2 - -370. Calculate the highest common divisor of z and 16.
8
Suppose 0 = 5391*s - 5392*s + 37. What is the greatest common factor of s and 6919?
37
Suppose -1185*v = -4*f - 1180*v + 79, 5*f = -4*v + 150. Calculate the greatest common divisor of f and 10114.
26
Suppose 1310 = -36*d + 10431 + 1463. Calculate the greatest common factor of 672 and d.
42
Suppose -3*n - 7*g + 11*g = 236, -3*g = -n - 87. Let k be (-60)/n + (-165)/(-18). What is the highest common divisor of k and 80?
10
Let v(i) = -82*i**2 - 14*i - 49. Let c be v(-3). Let h = c + 808. What is the highest common divisor of h and 42?
21
Let x be (305 - -5) + 40/(-4). Calculate the highest common factor of x and 160.
20
Let i = 985 - -1078. Let q be i/2 + (-12)/8 + 2. What is the highest common divisor of q and 24?
24
Let g(v) = -152*v**3 - 9*v**2 - 19*v + 24. Let c be g(-3). What is the greatest common factor of c and 864?
216
Let x be 15 - (0 + 9) - 1. Suppose -3*l - x*d = -5*l + 93, -l - d = -29. Calculate the highest common divisor of l and 357.
17
Suppose -3*l + l = 7*l - 5130. What is the highest common factor of 80 and l?
10
Let j(l) = -23*l - 60. Let h(v) = -24*v - 60. Let k(p) = -6*h(p) + 7*j(p). Let y be k(-12). Calculate the greatest common factor of y and 72.
72
Let m(q) = 6*q - 83. Let b(i) = i + 1. Let l(u) = 5*b(u) + m(u). Let f be l(13). Calculate the highest common divisor of f and 5.
5
Let n(w) = -21*w + 2372. Let y be n(111). Let k(l) = -l + 7. Let c be k(6). What is the greatest common factor of c and y?
1
Let i be (-4620)/(-175)*(-15)/(-6). Suppose -2*x = -x + t - 36, 4*x - 4*t = 120. What is the greatest common factor of x and i?
33
Let f be (-20)/(-6) - (114/18 + -7). Suppose f*n - 3*n = 31. Let c = n - 19. What is the greatest common divisor of c and 72?
12
Let i be 6/(-4)*6790/21. Let t = 656 + i. Calculate the highest common divisor of 18 and t.
9
Suppose -23*u = 40*u - 630. Calculate the greatest common factor of 2380 and u.
10
Suppose 0 = 77*p - 34292 - 6672. What is the greatest common factor of 209 and p?
19
Suppose 62 = 4*x - j - 33, 0 = 2*x + 5*j - 53. Suppose -970 = -3*s + 2*b, 6*s - 2*s - 3*b - 1293 = 0. Calculate the highest common factor of s and x.
12
Let k = 2259 - 2258. What is the greatest common factor of 49 and k?
1
Suppose 5*i = -5*i + 20. Suppose i = 3*m - 4. Suppose -64 = -m*n + 40. Calculate the highest common factor of 130 and n.
26
Let v = -141 + 149. Suppose -v*m + 516 = -4*m + r, 4*m = -4*r + 504. Calculate the greatest common divisor of 90 and m.
10
Suppose 53 = 3*m + 2*x, -7*m + 36 = -5*m + 2*x. Suppose -m*a + 627 = -6*a. Let d = a + -39. Calculate the greatest common divisor of d and 90.
18
Let u = -3 - 25. Suppose 5*a - 140 = -5*k, 2*k + 108 = 5*k - 5*a. Let g = u + k. What is the greatest common divisor of 21 and g?
3
Let s be ((-48)/(-15) - (-12)/15) + 8/2. Calculate the greatest common factor of 712 and s.
8
Suppose 13*n + 4995 = 18*n + 5*q, 2*q + 2997 = 3*n. What is the highest common factor of 135 and n?
27
Let x be (-585)/13*11*(-24)/9. Suppose -6*d - x = -46*d. What is the greatest common factor of d and 528?
33
Let a = 1383 + -1311. Calculate the greatest common divisor of a and 3474.
18
Let u = 4530 + -4486. What is the greatest common divisor of u and 96?
4
Let j(z) = z**2 + 2*z + 12. Let b be j(0). Let k(c) = 2*c**3 + 3*c**2 - 12. Let q be k(-4). Let w = -32 - q. Calculate the highest common factor of b and w.
12
Let i be 16/44 - -15*98232/99. Calculate the greatest common divisor of i and 122.
122
Let j(v) = -28*v**3 + 30*v**3 - 6*v**2 + 3 + 5*v - 1. Let o be j(3). Let q = o + 78. Calculate the greatest common divisor of 19 and q.
19
Let l = -24440 - -24455. Let z be (-47)/(-5) + (-2)/5. Calculate the greatest common factor of l and z.
3
Suppose -6*c + 456 = -2*c - 4*a, c - 3*a = 108. Let x be 2/(-4) + c/6. Suppose -60*b + 131 = 125*b - 54. Calculate the highest common divisor of b and x.
1
Let v(s) = -s + 25. Let m = 55 - 61. Let k be v(m). Suppose n + 2*q - 3*q - 338 = 0, n + 3*q = 350. What is the greatest common factor of n and k?
31
Let z(v) = v**3 + 4*v**2 - 33*v + 21. Let i be z(-8). Let u(t) = t**2 - 24*t - 72. Let y be u(i). Calculate the greatest common divisor of y and 803.
73
Suppose -a = -4 - 0. Let z(q) = -14*q + 37. Let o be z(a). Let h = o + 41. Calculate the highest common divisor of h and 242.
22
Let j(a) = -2*a**2 - 29*a + 66. Let m be j(-16). Calculate the highest common divisor of 6822 and m.
18
Let g be (-18)/(-30) - (0 - (-5646)/(-15)). Let j(b) = -b**3 + 9*b**2 + 2*b + 11. Let s be j(9). What is the greatest common factor of g and s?
29
Let k = 1742 + -1667. What is the greatest common factor of k and 420?
15
Suppose 12 = -7*x + 9*x. Let o be x/(-1)*6*-1. Let k be 5948/o + 8/(-36). What is the highest common factor of 15 and k?
15
Let u = 51547 - 30592. Calculate the greatest common factor of u and 165.
165
Let n be (-5)/(-23 + 8)*42. Suppose 0 = -n*r - 163 + 429. What is the greatest common divisor of 247 and r?
19
Suppose -272 = -51*d - 68. Let w be (-3)/12 + (-1834)/(-8). Suppose -67 = -d*x + w. Calculate the highest common factor of x and 37.
37
Let h = -554 + 145. Let z = -397 - h. Let c(v) = v + 7. Let w be c(5). Calculate the highest common divisor of w and z.
12
Let x(i) = i**3 + 20*i**2 - 60*i - 1866. Let h be x(-12). Let g = -48 - -138. Calculate the highest common factor of h and g.
6
Suppose -21 - 4 = -25*o. Suppose 0 = -2*c + 10 + 6. What is the highest common factor of c and o?
1
Let p(w) be the second derivative of w**4/12 - 5*w**3 - 71*w**2 + 7*w - 15. Let c be p(-7). What is the greatest common factor of 63 and c?
9
Let p(b) be the first derivative of b**3/3 + 3*b**2/2 - 12. Let g be p(-3). Let h be 18/30*(g - -30). Calculate the highest common divisor of 162 and h.
18
Let h = 24 - -145. What is the highest common factor of h and 1859?
169
Let s(y) = -6*y + 3 + 5*y**2 + y**2 - 7*y**2. Let z be s(-6). Suppose 3*f + 8*q - 6*q = 686, -247 = -f + z*q. What is the greatest common divisor of 29 and f?
29
Let t(z) be the third derivative of 0*z - 2/3*z**3 + 0 - 1/4*z**4 + 12*z**2. Let n be t(-4). Calculate the greatest common divisor of 50 and n.
10
Suppose 2*c + 9*a - 12*a = 4652, 2*c - 4672 = -2*a. Calculate the greatest common divisor of 159 and c.
53
Suppose -2614 + 8704 = 11*j + 4*j. What is the highest common divisor of 154 and j?
14
Let y = -267 - -2275. What is the greatest common factor of 24 and y?
8
Suppose 992*j = 253*j + 4394584 - 789003. Calculate the greatest common factor of 119 and j.
119
Let a be ((-36)/18)/((-2)/466). Suppose 0 = 7*p - 269 - a. What is the highest common divisor of p and 15?
15
Let g be 64/192 + (246/(-9))/(-2). What is the greatest common divisor of g and 3514?
14
Suppose 10*b + 170 = 12*b. Let f = -101 - -104. Suppose -3*s - 83 = -4*v, 4*s = f*s - 5. What is the highest common divisor of b and v?
17
Let w(z) = 9*z - 15. Let u be w(2). Let l be u*((-26)/(-6))/(4/44). Let t = l - 133. What is the highest common factor of t and 70?
1